{"id":329,"date":"2016-11-18T17:45:27","date_gmt":"2016-11-18T16:45:27","guid":{"rendered":"https:\/\/www.inclover.de\/agency\/?page_id=329"},"modified":"2018-05-19T17:02:05","modified_gmt":"2018-05-19T15:02:05","slug":"glossycon-kuenstler-area","status":"publish","type":"page","link":"https:\/\/www.inclover.de\/agency\/referenzen\/glossycon-kuenstler-area\/","title":{"rendered":"Glossycon K\u00fcnstler-Area"},"content":{"rendered":"<p>Glossycon K\u00fcnstlerbetreuung f\u00fcr Revolverheld, Namika, DJ\u00a0Tomekk u.a.<\/p>\n","protected":false},"excerpt":{"rendered":"<p>Glossycon K\u00fcnstlerbetreuung f\u00fcr Revolverheld, Namika, DJ\u00a0Tomekk u.a.<\/p>\n","protected":false},"author":4,"featured_media":330,"parent":88,"menu_order":13,"comment_status":"closed","ping_status":"closed","template":"page-templates\/agency-reference.php","meta":{"_monsterinsights_skip_tracking":false,"_monsterinsights_sitenote_active":false,"_monsterinsights_sitenote_note":"","_monsterinsights_sitenote_category":0,"footnotes":""},"class_list":["post-329","page","type-page","status-publish","has-post-thumbnail","hentry"],"_links":{"self":[{"href":"https:\/\/www.inclover.de\/agency\/wp-json\/wp\/v2\/pages\/329","targetHints":{"allow":["GET"]}}],"collection":[{"href":"https:\/\/www.inclover.de\/agency\/wp-json\/wp\/v2\/pages"}],"about":[{"href":"https:\/\/www.inclover.de\/agency\/wp-json\/wp\/v2\/types\/page"}],"author":[{"embeddable":true,"href":"https:\/\/www.inclover.de\/agency\/wp-json\/wp\/v2\/users\/4"}],"replies":[{"embeddable":true,"href":"https:\/\/www.inclover.de\/agency\/wp-json\/wp\/v2\/comments?post=329"}],"version-history":[{"count":3,"href":"https:\/\/www.inclover.de\/agency\/wp-json\/wp\/v2\/pages\/329\/revisions"}],"predecessor-version":[{"id":399,"href":"https:\/\/www.inclover.de\/agency\/wp-json\/wp\/v2\/pages\/329\/revisions\/399"}],"up":[{"embeddable":true,"href":"https:\/\/www.inclover.de\/agency\/wp-json\/wp\/v2\/pages\/88"}],"wp:featuredmedia":[{"embeddable":true,"href":"https:\/\/www.inclover.de\/agency\/wp-json\/wp\/v2\/media\/330"}],"wp:attachment":[{"href":"https:\/\/www.inclover.de\/agency\/wp-json\/wp\/v2\/media?parent=329"}],"curies":[{"name":"wp","href":"https:\/\/api.w.org\/{rel}","templated":true}]}}